

{"id":589,"date":"2024-07-26T08:04:00","date_gmt":"2024-07-26T08:04:00","guid":{"rendered":"https:\/\/mk.onventis.de\/?page_id=589"},"modified":"2024-07-29T11:28:31","modified_gmt":"2024-07-29T11:28:31","slug":"shortcode-test-blog","status":"publish","type":"page","link":"https:\/\/mk.onventis.de\/index.php\/shortcode-test-blog\/","title":{"rendered":"Shortcode Test Blog"},"content":{"rendered":"<p>[vc_row][vc_column][vc_column_text]<div class=\"onv_blogContent\"><h3><style>\n\t\n\t.onv_blogContent {\n\t transition: box-shadow .3s;\n\t padding: 20px;\n\t border-radius: 8px;\n\t box-shadow: 0 2px 5px rgba(0, 0, 0, 0.1);\n\t max-width: 400px;\n\t}\n\t\n\t.onv_blogContent:hover {\n\t box-shadow: 0 2px 12px 2px rgb(0 0 0 \/ 25%);\n\t}\n\t\n\t.onv_blogContent h3{\n\t margin-top: 0px;\n\t}\n\t\n\t.onv_blogContent button{\n\t margin: auto;\n\t display: block;\n\t}\n\t\n\t<\/style>Eine Software f\u00fcr den Einkauf: Unser Guide f\u00fcr die richtige S2P-L\u00f6sung<\/h3><p>[vc_row][vc_column width=\u201d2\/3\u2033][vc_column_text]<\/p><button><a href=\"https:\/\/mk.onventis.de\/index.php\/2024\/07\/25\/blogs-test\/\">Vollst\u00e4ndigen Blog lesen<\/a><\/button><\/div>[\/vc_column_text][\/vc_column][\/vc_row]<\/p>\n","protected":false},"excerpt":{"rendered":"<p>[vc_row][vc_column][vc_column_text][\/vc_column_text][\/vc_column][\/vc_row]<\/p>\n","protected":false},"author":3,"featured_media":0,"parent":0,"menu_order":0,"comment_status":"closed","ping_status":"closed","template":"","meta":[],"categories":[],"tags":[],"_links":{"self":[{"href":"https:\/\/mk.onventis.de\/index.php\/wp-json\/wp\/v2\/pages\/589"}],"collection":[{"href":"https:\/\/mk.onventis.de\/index.php\/wp-json\/wp\/v2\/pages"}],"about":[{"href":"https:\/\/mk.onventis.de\/index.php\/wp-json\/wp\/v2\/types\/page"}],"author":[{"embeddable":true,"href":"https:\/\/mk.onventis.de\/index.php\/wp-json\/wp\/v2\/users\/3"}],"replies":[{"embeddable":true,"href":"https:\/\/mk.onventis.de\/index.php\/wp-json\/wp\/v2\/comments?post=589"}],"version-history":[{"count":7,"href":"https:\/\/mk.onventis.de\/index.php\/wp-json\/wp\/v2\/pages\/589\/revisions"}],"predecessor-version":[{"id":595,"href":"https:\/\/mk.onventis.de\/index.php\/wp-json\/wp\/v2\/pages\/589\/revisions\/595"}],"wp:attachment":[{"href":"https:\/\/mk.onventis.de\/index.php\/wp-json\/wp\/v2\/media?parent=589"}],"wp:term":[{"taxonomy":"category","embeddable":true,"href":"https:\/\/mk.onventis.de\/index.php\/wp-json\/wp\/v2\/categories?post=589"},{"taxonomy":"post_tag","embeddable":true,"href":"https:\/\/mk.onventis.de\/index.php\/wp-json\/wp\/v2\/tags?post=589"}],"curies":[{"name":"wp","href":"https:\/\/api.w.org\/{rel}","templated":true}]}}